 33 - 10 = -4*q. Calculate u(q).
1
Let n(c) = c**3 + 7*c**2 + 9*c - 1. Let u be n(-5). Let h(a) = a**3 - 5*a**2 + a + 1. Calculate h(u).
-11
Let s(n) = -3 - n + 2*n - 1. Determine s(0).
-4
Let l(w) = 5 - 5*w + 2*w**2 - 2 - 3*w**2 - 2. Let g = -3 + 6. Suppose g*v + 2 + 10 = 0. Determine l(v).
5
Let z(t) = 4*t**2 + 3*t - 1. Let p(y) = 3*y**2 + 3*y. Let i(v) = 5*p(v) - 4*z(v). Give i(5).
-6
Let s(j) = -j + 4. Let u(t) = t**2 - 6*t + 11. Let q be u(5). What is s(q)?
-2
Let n(p) be the third derivative of 0 + 4/3*p**3 + 0*p + 7/24*p**4 + 2*p**2 + 1/60*p**5. Give n(-6).
2
Let c = 1 - -1. Let l(x) be the first derivative of 3*x - 2*x**2 - 1/3*x**3 + 2. What is l(c)?
-9
Let j(u) = -u**2 - 3*u - 1. Let i(c) = c**3 - 5 + 3 + 1 + 2*c - 3*c**2. Let x be 2 + 3 + (1 - 4). Let g be i(x). Give j(g).
1
Let u be (-30)/(-9)*9/6. Let p = 5 - u. Let h(q) = -q**2 + q - 5. Give h(p).
-5
Let m be -4*3/(-16)*(-10)/(-15). Let l(n) be the second derivative of 1/6*n**3 + 1/12*n**4 + 0 + n - m*n**2. Calculate l(1).
1
Let j(n) = n + 1. Let t(p) = 1. Let s(m) = -6*j(m) + 5*t(m). Let y = 6 - 4. Let f be (y/(4/2))/1. Give s(f).
-7
Let t(i) = 2*i**3 - 3*i**2 + i + 1. Let b be t(2). Let g(r) = 0*r**2 - 3 - r**3 - b*r**2 + 6*r**2 + 3*r. Calculate g(2).
-9
Suppose -v + 3*s = 1, -v + 1 - 2 = -4*s. Let i(z) be the second derivative of -z**4/12 + 9*z. Give i(v).
-1
Let a(h) be the first derivative of h**5/60 - h**4/4 - h**3/3 + h**2/2 + 1. Let f(p) be the second derivative of a(p). What is f(5)?
-7
Let p(k) = -k + 3. Let c = 5 + -4. Suppose -3*f + 7 = c. Suppose f*q - 1 - 23 = -5*y, 20 = 5*y. Calculate p(q).
1
Let z(j) = j**3 + 5*j**2 + 2*j + 7. Suppose 5*y = -2 + 12. Let d(b) = b**3 - 5*b**2 - 7. Let p be d(5). Let s = y + p. Calculate z(s).
-3
Let b(r) = -14*r**2 - 4*r - 7. Let u(q) = 21*q**2 + 6*q + 11. Let v be ((-36)/30)/(3/20). Let y(j) = v*b(j) - 5*u(j). Determine y(-1).
6
Let t(r) = 2*r + 3. Suppose 6 = -5*k - 9. Let d(m) = -3*m - 3. Let b(h) = k*d(h) - 4*t(h). What is b(6)?
3
Let k be (-3)/(-1*(-9)/(-6)). Let g(p) = -3*p - 28*p**k + 29*p**2 + 0*p - 3. Calculate g(-2).
7
Let q(p) = -p**2 - 2. Let b = -115 - -115. Give q(b).
-2
Suppose 0 = -3*w - 6, -s = s + 5*w + 22. Let z(y) = -y + 6. Give z(s).
12
Suppose -3 = -14*y - 59. Let r(d) = 3*d - 2. What is r(y)?
-14
Let x(j) = -j - 4. Suppose 0 = 2*z + 6 - 18. Suppose -b + z = -4. Suppose 2*w + b = -0*w. What is x(w)?
1
Let k(s) be the second derivative of s**5/20 - 5*s**4/12 + s**3/6 - 2*s**2 - 10*s. Suppose -9 + 54 = 3*x. Suppose -5*b + x = -2*b. Give k(b).
1
Let o(l) = l**3 + 7*l**2 - 2*l + 4. Let q(d) = d**2 - d. Let n(h) = -o(h) + 3*q(h). What is n(-3)?
-10
Let p = 10 + -3. Let k(m) = m**2 + 15*m + 4 - 31*m + 8*m. Determine k(p).
-3
Let g = 7 - 5. Let s(j) = 7*j - g*j - j**2 + 3 - j. Give s(4).
3
Let p be (-2)/(-7) - (-2)/(-7). Let m(v) be the second derivative of v**4/12 + 11*v**2/2 + 14*v. Give m(p).
11
Let p(q) = -q**3 + 4*q**2 - 3. Let k = 25 + -5. Let w be 26/10 - (-8)/k. What is p(w)?
6
Let r(j) = -j**2 + 3*j + 2. Let b(c) = 2*c**3 + 2*c**2 - c. Let z be b(1). What is r(z)?
2
Suppose -3*r - 12 = -5*p, -5 = -4*p + r + 6. Suppose -2*q + p = -3*q. Let d(o) = o**3 + 4*o**2 - o. Determine d(q).
12
Let q = -95 - -92. Let v(h) = -h**3 - 4*h**2 - 2*h + 2. Give v(q).
-1
Let u(p) = -2*p + p - 1 - 3. Let i = 82 + -82. What is u(i)?
-4
Let t(c) = -c**2 + 6*c - 5. Let b be t(5). Let p(f) = -6*f**2 + 10*f**2 - f**3 - 4*f + b*f**2 + 4. Calculate p(3).
1
Let l = -9 + 15. Suppose -a = -2*a - l. Let z(f) = 2*f + 9. Calculate z(a).
-3
Let n be ((-24)/(-16))/(2/4). Suppose -g - n*p + 11 = -0*g, 0 = 2*g + 4*p - 18. Let h(z) = z**2 - 6*z + 2. Give h(g).
-3
Let m(o) = -17*o + 3 - 1 + 26*o - 12*o. Give m(3).
-7
Suppose 2*i + 2*i = -5*p + 1, -3*i - 3*p = 0. Let o(x) = -11*x**2 + 1. What is o(i)?
-10
Let s(o) = -9*o**3 - o**2 + 1. Suppose l + 3*b + 94 = -3*l, 3*l + b + 68 = 0. Let t be 39/33 - (-4)/l. Calculate s(t).
-9
Suppose -4*m = 3*t + 4 - 5, 3*m + 4*t + 8 = 0. Suppose 8*u - m*u = -16. Let k(z) = -z**2 - 3*z - 2. Calculate k(u).
-6
Suppose p = -4*t - 3*p - 20, 9 = -3*t - p. Let y(b) = 4*b + 3. Let h be y(t). Let z(j) = -3*j**2 + 4*j**2 + 3*j + 2*j + 1. Calculate z(h).
1
Let v(s) = s**3 - 3*s**2 - 3*s - 4. Let l = 6 + -4. Suppose 3*h = -5*t + 37, 2*t + 10 = 3*h + l*h. Give v(h).
0
Suppose 3*h + 16 + 5 = 3*q, -3*q - 2*h = 4. Let f(o) be the first derivative of o**4/4 - o**3 - o**2 + 6. Calculate f(q).
-8
Let w = -9 - -26. Let u = 13 - w. Let s(o) = -o**2 - 5*o - o + o - 6. Calculate s(u).
-2
Let m(r) = 7*r. Let d(t) = -t**3 + 6*t. Let o(j) = 6*d(j) - 5*m(j). Give o(-1).
5
Let m(k) = k**2 + 2*k. Let v(h) = 4 - 5 - 2 - h**2 - 3*h. Suppose -p + 6*p + 15 = 0. Let j be v(p). Give m(j).
3
Let h(g) = -g + g**2 + 1 - 1 - 2. Let s be h(0). Let i(l) be the first derivative of l**3 + 2*l**2 + 3*l - 1. Calculate i(s).
7
Let i(p) be the first derivative of -p**3/3 + p - 4. What is i(-2)?
-3
Let d(a) be the first derivative of -a**4 + 5*a**3/3 + 7*a - 2. Let b(i) = i**3 - i**2 - 1. Let o(n) = 5*b(n) + d(n). Determine o(0).
2
Let l(b) be the second derivative of 0 - 5/2*b**2 - 1/2*b**3 + 2*b. Calculate l(-4).
7
Let u(l) = 24 - 29 + 6*l + l**2 + 0*l**2. What is u(-5)?
-10
Let i = 8 - 5. Let t(k) = 1 - 3*k - k - i*k - 3*k. Give t(-1).
11
Let x be (-8)/(-3)*27/12. Suppose -2*p + x = 2. Let y(z) = z**3 - 4*z**2 + 2*z + 2. Calculate y(p).
-2
Suppose u + 3*d - 4 = 0, 2*u + d = -0*d + 8. Let b be 8/4 - (2 + u). Let n(s) = s**3 + 4*s**2 - 2*s - 6. Give n(b).
2
Let p(q) be the first derivative of q**2/2 + 10*q - 43. Calculate p(0).
10
Let i(u) = -u**3 - 8*u**2 - 5*u + 8. Let q = -38 + 31. Calculate i(q).
-6
Let m(a) = a**3 - 2*a**2 - a - 2. Suppose 2*f = f. Let q = 3 - f. Let z be m(q). Let b(l) = -l**3 + 4*l**2 + 2*l - 6. Give b(z).
2
Let i(n) be the first derivative of 3*n + 2*n**2 - 2 - 1/3*n**3. What is i(5)?
-2
Let m(o) = -o**3 - 6*o**2 - 2*o - 7. Let j be m(-6). Suppose 0 = j*g + 10 - 0. Let h(u) = -u**2 - 2*u - 1. Determine h(g).
-1
Suppose 26 = 5*v + 1. Let b(j) = 2 - 6 - 2*j + 4 - v. Determine b(-4).
3
Let w(z) = z**3 + 6*z**2 + 5*z - 6. Let j(m) = -m**2 + 2*m**2 - 3*m - m + 1 + 11*m. Let y be j(-6). Calculate w(y).
-6
Let y = 3 - 3. Let o be y/(-2*3/3). Let a be ((-3)/(-6)*o)/2. Let x(f) = f**3 + f + 3. Give x(a).
3
Let z(y) = -y**2 + 6*y - 6. Suppose 0*a + 4*a = 4. Suppose u - 5 = -a. Calculate z(u).
2
Let l = 7 + -5. Suppose 0 = -4*r + 3*r, -2*r - 10 = -l*b. Let n(m) = m**3 - 4*m**2 - 6*m + 2. What is n(b)?
-3
Let p(y) = -y - 7. Suppose -13 = 5*g + 107. Let h be g/8 + -1 + -2. Calculate p(h).
-1
Let i(c) be the second derivative of c**3/6 - 86*c. Suppose 0 = 2*y + y. Determine i(y).
0
Let j = -92 + 87. Let n(h) = -h + 1. Determine n(j).
6
Let b(d) be the third derivative of 1/3*d**3 - 1/30*d**5 - 1/120*d**6 + 1/6*d**4 + 0*d - 6*d**2 + 0. Suppose -3 = -4*v - g - 12, -3 = -g. Give b(v).
-1
Let n(u) = -2*u**3 - 4*u**2 - 5*u - 1. Suppose 0*s + 2*s = 18. Let o(r) = -r**2 + 9*r**2 - s*r**2 - r**3 - r. Let b(v) = -n(v) + 3*o(v). Determine b(-1).
1
Suppose 4*f - x - 6 = -17, 4*f = -2*x - 26. Let b(w) = -6*w**2 - 1 - w**3 - 4 - 3*w - 3*w. Calculate b(f).
-13
Let d(s) be the second derivative of s**7/1260 - s**6/720 + 2*s**4/3 - 8*s. Let b(g) be the third derivative of d(g). Calculate b(-2).
10
Let s(t) = t**2 + 4*t + 3. Let b be s(-4). Let q(r) = 6*r + 0 - b + 0*r**2 - r**2 + 0*r**2. What is q(5)?
2
Suppose -4*p + 5 = -3*p. Let h(f) = -78 - 70 + 5*f - 6*f**2 + 154 + f**3 - f. Determine h(p).
1
Let o(h) be the first derivative of 1/4*h**4 + 3 + 0*h**2 + 2*h - h**3. Suppose -t - 8 = -3*g - 0*t, 3*t = 5*g - 12. Calculate o(g).
2
Let g = -8 + 5. Let a = 4 + g. Let h(u) = -u + 2*u**2 - 4*u**2 + 2*u - 2*u**3. Give h(a).
-3
Let z = -1 - -1. Let b(y) = -31*y**2 + 9*y**2 - y + 21*y**2 + 4. Determine b(z).
4
Suppose -2*o + 11 = 3. Let c(a) be the first derivative of -2 - 3/2*a**2 + 5*a. What is c(o)?
-7
Let q(i) = -i**2 - 5*i - 4. Suppose -1 = b - 3. Suppose -3*r - 4 = -b*r. Calculate q(r).
0
Suppose a + 11 = -2*j - 1, 0 = a - 3*j - 13. Let f = 3 + -2. Let t(d) = -1. Let q(k) = k - 2. Let v(s) = a*t(s) + f*q(s). Calculate v(1).
1
Let k = 43 + -46. Let c(x) = 4*x + 2. Determine c(k).
-10
Let s(o) be the first derivative of o**3/3 + 3*o**2 - 5*o + 6. Calculate s(-7).
2